[INFO] cloning repository https://github.com/risboo6909/life-rs
[INFO] running `Command { std: "git" "-c" "credential.helper=" "-c" "credential.helper=/workspace/cargo-home/bin/git-credential-null" "clone" "--bare" "https://github.com/risboo6909/life-rs" "/workspace/cache/git-repos/https%3A%2F%2Fgithub.com%2Frisboo6909%2Flife-rs", kill_on_drop: false }`
[INFO] [stderr] Cloning into bare repository '/workspace/cache/git-repos/https%3A%2F%2Fgithub.com%2Frisboo6909%2Flife-rs'...
[INFO] running `Command { std: "git" "rev-parse" "HEAD", kill_on_drop: false }`
[INFO] [stdout] 16b2522520ee627a9e863e2db315ec0d56591c1f
[INFO] checking risboo6909/life-rs against master#af3c6e733a40e671550e0f0f5aeecaa13772ba56 for pr-74989
[INFO] running `Command { std: "git" "clone" "/workspace/cache/git-repos/https%3A%2F%2Fgithub.com%2Frisboo6909%2Flife-rs" "/workspace/builds/worker-10/source", kill_on_drop: false }`
[INFO] [stderr] Cloning into '/workspace/builds/worker-10/source'...
[INFO] [stderr] done.
[INFO] validating manifest of git repo https://github.com/risboo6909/life-rs on toolchain af3c6e733a40e671550e0f0f5aeecaa13772ba56
[INFO] running `Command { std: "/workspace/cargo-home/bin/cargo" "+af3c6e733a40e671550e0f0f5aeecaa13772ba56" "read-manifest" "--manifest-path" "Cargo.toml", kill_on_drop: false }`
[INFO] started tweaking git repo https://github.com/risboo6909/life-rs
[INFO] removed workspace from git repo https://github.com/risboo6909/life-rs
[INFO] removed path dependency engine from git repo https://github.com/risboo6909/life-rs
[INFO] removed path dependency ui from git repo https://github.com/risboo6909/life-rs
[INFO] finished tweaking git repo https://github.com/risboo6909/life-rs
[INFO] tweaked toml for git repo https://github.com/risboo6909/life-rs written to /workspace/builds/worker-10/source/Cargo.toml
[INFO] crate git repo https://github.com/risboo6909/life-rs already has a lockfile, it will not be regenerated
[INFO] running `Command { std: "/workspace/cargo-home/bin/cargo" "+af3c6e733a40e671550e0f0f5aeecaa13772ba56" "fetch" "--locked" "--manifest-path" "Cargo.toml", kill_on_drop: false }`
[INFO] [stderr] warning: dependency (engine) specified without providing a local path, Git repository, or version to use. This will be considered an error in future versions
[INFO] [stderr] warning: dependency (ui) specified without providing a local path, Git repository, or version to use. This will be considered an error in future versions
[INFO] [stderr]     Blocking waiting for file lock on package cache
[INFO] [stderr]     Updating crates.io index
[INFO] [stderr] error: the lock file /workspace/builds/worker-10/source/Cargo.lock needs to be updated but --locked was passed to prevent this
[INFO] [stderr] If you want to try to generate the lock file without accessing the network, use the --offline flag.
[INFO] the lockfile is outdated, regenerating it
[INFO] running `Command { std: "/workspace/cargo-home/bin/cargo" "+af3c6e733a40e671550e0f0f5aeecaa13772ba56" "generate-lockfile" "--manifest-path" "Cargo.toml" "-Zno-index-update", kill_on_drop: false }`
[INFO] running `Command { std: "/workspace/cargo-home/bin/cargo" "+af3c6e733a40e671550e0f0f5aeecaa13772ba56" "fetch" "--locked" "--manifest-path" "Cargo.toml", kill_on_drop: false }`
[INFO] [stderr] warning: dependency (engine) specified without providing a local path, Git repository, or version to use. This will be considered an error in future versions
[INFO] [stderr] warning: dependency (ui) specified without providing a local path, Git repository, or version to use. This will be considered an error in future versions
[INFO] running `Command { std: "docker" "create" "-v" "/var/lib/crater-agent-workspace/builds/worker-10/target:/opt/rustwide/target:rw,Z" "-v" "/var/lib/crater-agent-workspace/builds/worker-10/source:/opt/rustwide/workdir:ro,Z" "-v" "/var/lib/crater-agent-workspace/cargo-home:/opt/rustwide/cargo-home:ro,Z" "-v" "/var/lib/crater-agent-workspace/rustup-home:/opt/rustwide/rustup-home:ro,Z" "-e" "SOURCE_DIR=/opt/rustwide/workdir" "-e" "CARGO_TARGET_DIR=/opt/rustwide/target" "-e" "CARGO_HOME=/opt/rustwide/cargo-home" "-e" "RUSTUP_HOME=/opt/rustwide/rustup-home" "-w" "/opt/rustwide/workdir" "-m" "1610612736" "--user" "0:0" "--network" "none" "rustops/crates-build-env@sha256:d92eaeed33fa75130ca1ee6c8a01d1ffb62bac859dfdfb3450e3e5d1c0146529" "/opt/rustwide/cargo-home/bin/cargo" "+af3c6e733a40e671550e0f0f5aeecaa13772ba56" "metadata" "--no-deps" "--format-version=1", kill_on_drop: false }`
[INFO] [stdout] 12becc50e3af8309d34d398cb2c667d78787af0161ad9ff14404a14a687983fd
[INFO] [stderr] WARNING: Your kernel does not support swap limit capabilities or the cgroup is not mounted. Memory limited without swap.
[INFO] running `Command { std: "docker" "start" "-a" "12becc50e3af8309d34d398cb2c667d78787af0161ad9ff14404a14a687983fd", kill_on_drop: false }`
[INFO] running `Command { std: "docker" "inspect" "12becc50e3af8309d34d398cb2c667d78787af0161ad9ff14404a14a687983fd", kill_on_drop: false }`
[INFO] running `Command { std: "docker" "rm" "-f" "12becc50e3af8309d34d398cb2c667d78787af0161ad9ff14404a14a687983fd", kill_on_drop: false }`
[INFO] [stdout] 12becc50e3af8309d34d398cb2c667d78787af0161ad9ff14404a14a687983fd
[INFO] running `Command { std: "docker" "create" "-v" "/var/lib/crater-agent-workspace/builds/worker-10/target:/opt/rustwide/target:rw,Z" "-v" "/var/lib/crater-agent-workspace/builds/worker-10/source:/opt/rustwide/workdir:ro,Z" "-v" "/var/lib/crater-agent-workspace/cargo-home:/opt/rustwide/cargo-home:ro,Z" "-v" "/var/lib/crater-agent-workspace/rustup-home:/opt/rustwide/rustup-home:ro,Z" "-e" "SOURCE_DIR=/opt/rustwide/workdir" "-e" "CARGO_TARGET_DIR=/opt/rustwide/target" "-e" "CARGO_INCREMENTAL=0" "-e" "RUST_BACKTRACE=full" "-e" "RUSTFLAGS=--cap-lints=forbid" "-e" "CARGO_HOME=/opt/rustwide/cargo-home" "-e" "RUSTUP_HOME=/opt/rustwide/rustup-home" "-w" "/opt/rustwide/workdir" "-m" "1610612736" "--user" "0:0" "--network" "none" "rustops/crates-build-env@sha256:d92eaeed33fa75130ca1ee6c8a01d1ffb62bac859dfdfb3450e3e5d1c0146529" "/opt/rustwide/cargo-home/bin/cargo" "+af3c6e733a40e671550e0f0f5aeecaa13772ba56" "check" "--frozen" "--all" "--all-targets" "--message-format=json", kill_on_drop: false }`
[INFO] [stdout] 0fab5e9c14d829d409a300ba906b73f4cde6190292f46c6809f4e0f7fdd6a65b
[INFO] [stderr] WARNING: Your kernel does not support swap limit capabilities or the cgroup is not mounted. Memory limited without swap.
[INFO] running `Command { std: "docker" "start" "-a" "0fab5e9c14d829d409a300ba906b73f4cde6190292f46c6809f4e0f7fdd6a65b", kill_on_drop: false }`
[INFO] [stderr] warning: dependency (engine) specified without providing a local path, Git repository, or version to use. This will be considered an error in future versions
[INFO] [stderr] warning: dependency (ui) specified without providing a local path, Git repository, or version to use. This will be considered an error in future versions
[INFO] [stderr]    Compiling libc v0.2.77
[INFO] [stderr]    Compiling autocfg v0.1.7
[INFO] [stderr]    Compiling rand_core v0.4.2
[INFO] [stderr]    Compiling log v0.4.11
[INFO] [stderr]     Checking cfg-if v0.1.10
[INFO] [stderr]     Checking bitflags v0.7.0
[INFO] [stderr]     Checking lazy_static v1.4.0
[INFO] [stderr]    Compiling maybe-uninit v2.0.0
[INFO] [stderr]    Compiling byteorder v1.3.4
[INFO] [stderr]    Compiling itoa v0.3.4
[INFO] [stderr]    Compiling serde v0.9.15
[INFO] [stderr]    Compiling bitflags v0.9.1
[INFO] [stderr]     Checking scopeguard v1.1.0
[INFO] [stderr]     Checking lazy_static v0.2.11
[INFO] [stderr]    Compiling bitflags v1.2.1
[INFO] [stderr]    Compiling khronos_api v2.2.0
[INFO] [stderr]    Compiling unicode-xid v0.2.1
[INFO] [stderr]     Checking shader_version v0.2.2
[INFO] [stderr]    Compiling pkg-config v0.3.18
[INFO] [stderr]    Compiling arrayvec v0.4.12
[INFO] [stderr]     Checking lzw v0.10.0
[INFO] [stderr]     Checking inflate v0.1.1
[INFO] [stderr]     Checking color_quant v1.0.1
[INFO] [stderr]     Checking scoped_threadpool v0.1.9
[INFO] [stderr]     Checking piston-texture v0.5.0
[INFO] [stderr]     Checking fnv v1.0.7
[INFO] [stderr]     Checking unicode-segmentation v1.6.0
[INFO] [stderr]     Checking find_folder v0.3.0
[INFO] [stderr]     Checking ui v0.1.0
[INFO] [stderr]    Compiling num-traits v0.2.12
[INFO] [stderr]    Compiling num-integer v0.1.43
[INFO] [stderr]    Compiling num-iter v0.1.41
[INFO] [stderr]    Compiling rayon v1.4.0
[INFO] [stderr]    Compiling phf_shared v0.7.24
[INFO] [stderr]    Compiling xml-rs v0.3.6
[INFO] [stderr]    Compiling miniz-sys v0.1.12
[INFO] [stderr]    Compiling xml-rs v0.6.1
[INFO] [stderr]    Compiling rand_core v0.3.1
[INFO] [stderr]    Compiling rand_jitter v0.1.4
[INFO] [stderr]     Checking gif v0.9.2
[INFO] [stderr]     Checking pistoncore-input v0.15.0
[INFO] [stderr]     Checking piston2d-graphics v0.19.0
[INFO] [stderr]    Compiling proc-macro2 v1.0.21
[INFO] [stderr]    Compiling rand_chacha v0.1.1
[INFO] [stderr]    Compiling rand_pcg v0.1.2
[INFO] [stderr]    Compiling rand v0.6.5
[INFO] [stderr]    Compiling phf v0.7.24
[INFO] [stderr]     Checking crossbeam-utils v0.7.2
[INFO] [stderr]    Compiling rand_hc v0.1.0
[INFO] [stderr]    Compiling rand_isaac v0.1.1
[INFO] [stderr]    Compiling rand_xorshift v0.1.1
[INFO] [stderr]    Compiling log v0.3.9
[INFO] [stderr]    Compiling x11-dl v2.18.5
[INFO] [stderr]    Compiling wayland-scanner v0.7.8
[INFO] [stderr]     Checking crossbeam-epoch v0.8.2
[INFO] [stderr]     Checking crossbeam-channel v0.4.4
[INFO] [stderr]    Compiling quote v1.0.7
[INFO] [stderr]    Compiling xml-rs v0.7.0
[INFO] [stderr]     Checking gfx_core v0.5.1
[INFO] [stderr]    Compiling gl_generator v0.5.5
[INFO] [stderr]     Checking stb_truetype v0.3.1
[INFO] [stderr]     Checking pistoncore-window v0.24.0
[INFO] [stderr]    Compiling rand_os v0.1.3
[INFO] [stderr]     Checking rand v0.4.6
[INFO] [stderr]     Checking num_cpus v1.13.0
[INFO] [stderr]     Checking fs2 v0.2.5
[INFO] [stderr]     Checking shared_library v0.1.9
[INFO] [stderr]     Checking time v0.1.44
[INFO] [stderr]     Checking backtrace v0.3.50
[INFO] [stderr]     Checking atty v0.2.14
[INFO] [stderr]     Checking term_size v0.3.2
[INFO] [stderr]     Checking crossbeam-deque v0.7.3
[INFO] [stderr]    Compiling syn v1.0.41
[INFO] [stderr]     Checking flate2 v0.2.20
[INFO] [stderr]     Checking stb_truetype v0.2.8
[INFO] [stderr]     Checking memmap v0.4.0
[INFO] [stderr]     Checking osmesa-sys v0.1.2
[INFO] [stderr]     Checking clap v2.24.2
[INFO] [stderr]    Compiling gl_generator v0.6.1
[INFO] [stderr]    Compiling wayland-client v0.7.8
[INFO] [stderr]     Checking rusttype v0.2.4
[INFO] [stderr]     Checking rayon-core v1.8.0
[INFO] [stderr]     Checking rand v0.3.23
[INFO] [stderr]     Checking num-traits v0.1.43
[INFO] [stderr]     Checking pistoncore-event_loop v0.27.0
[INFO] [stderr]     Checking tempfile v2.2.0
[INFO] [stderr]     Checking enum_primitive v0.1.1
[INFO] [stderr]     Checking piston v0.27.0
[INFO] [stderr]     Checking num-bigint v0.1.44
[INFO] [stderr]     Checking png v0.5.2
[INFO] [stderr]    Compiling gfx_gl v0.3.1
[INFO] [stderr]    Compiling glutin v0.7.4
[INFO] [stderr]    Compiling phf_generator v0.7.24
[INFO] [stderr]    Compiling serde_json v0.9.10
[INFO] [stderr]    Compiling gl v0.6.5
[INFO] [stderr]    Compiling phf_codegen v0.7.24
[INFO] [stderr]    Compiling target_build_utils v0.3.1
[INFO] [stderr]     Checking num-rational v0.1.42
[INFO] [stderr]     Checking gfx v0.13.0
[INFO] [stderr]    Compiling synstructure v0.12.4
[INFO] [stderr]     Checking jpeg-decoder v0.1.20
[INFO] [stderr]    Compiling failure_derive v0.1.8
[INFO] [stderr]     Checking image v0.10.4
[INFO] [stderr]     Checking failure v0.1.8
[INFO] [stderr]     Checking engine v0.0.0
[INFO] [stderr]     Checking gfx_device_gl v0.12.0
[INFO] [stderr]     Checking piston-gfx_texture v0.19.0
[INFO] [stderr]     Checking piston2d-opengl_graphics v0.36.2
[INFO] [stderr]    Compiling libloading v0.3.4
[INFO] [stderr]     Checking piston2d-gfx_graphics v0.34.1
[INFO] [stderr]     Checking dlib v0.3.1
[INFO] [stderr]     Checking wayland-sys v0.7.8
[INFO] [stderr]     Checking wayland-kbd v0.6.3
[INFO] [stderr]     Checking wayland-window v0.4.4
[INFO] [stderr]     Checking winit v0.5.11
[INFO] [stderr]     Checking pistoncore-glutin_window v0.33.0
[INFO] [stderr]     Checking piston_window v0.60.0
[INFO] [stderr]     Checking life-rs v0.1.0 (/opt/rustwide/workdir)
[INFO] [stdout] error[E0432]: unresolved import `engine::loader`
[INFO] [stdout]   --> src/main.rs:21:13
[INFO] [stdout]    |
[INFO] [stdout] 21 | use engine::loader::from_file as load_from_file;
[INFO] [stdout]    |             ^^^^^^ could not find `loader` in `engine`
[INFO] [stdout] 
[INFO] [stdout] 
[INFO] [stdout] error[E0432]: unresolved import `engine::Coord`
[INFO] [stdout]   --> src/main.rs:22:5
[INFO] [stdout]    |
[INFO] [stdout] 22 | use engine::Coord;
[INFO] [stdout]    |     ^^^^^^^^^^^^^ no `Coord` in the root
[INFO] [stdout] 
[INFO] [stdout] 
[INFO] [stdout] error[E0433]: failed to resolve: could not find `GraphicsWindow` in `ui`
[INFO] [stdout]   --> src/main.rs:44:45
[INFO] [stdout]    |
[INFO] [stdout] 44 |             ui_manager: ui::new(Rc::new(ui::GraphicsWindow::new(screen_width, screen_height, window)),
[INFO] [stdout]    |                                             ^^^^^^^^^^^^^^ could not find `GraphicsWindow` in `ui`
[INFO] [stdout] 
[INFO] [stdout] 
[INFO] [stdout] error[E0433]: failed to resolve: could not find `Engine` in `engine`
[INFO] [stdout]   --> src/main.rs:45:62
[INFO] [stdout]    |
[INFO] [stdout] 45 | ...                   Rc::new(RefCell::new(engine::Engine::new(None, board_cols, board_rows))),
[INFO] [stdout]    |                                                    ^^^^^^ could not find `Engine` in `engine`
[INFO] [stdout] 
[INFO] [stdout] 
[INFO] [stdout] error[E0412]: cannot find type `UI` in crate `ui`
[INFO] [stdout]   --> src/main.rs:26:21
[INFO] [stdout]    |
[INFO] [stdout] 26 |     ui_manager: ui::UI<'a>,
[INFO] [stdout]    |                     ^^ not found in `ui`
[INFO] [stdout] 
[INFO] [stdout] 
[INFO] [stdout] error[E0425]: cannot find value `OPENGL` in crate `ui`
[INFO] [stdout]   --> src/main.rs:37:22
[INFO] [stdout]    |
[INFO] [stdout] 37 |         ).opengl(ui::OPENGL)
[INFO] [stdout]    |                      ^^^^^^ not found in `ui`
[INFO] [stdout] 
[INFO] [stdout] 
[INFO] [stdout] error[E0425]: cannot find function `new` in crate `ui`
[INFO] [stdout]   --> src/main.rs:44:29
[INFO] [stdout]    |
[INFO] [stdout] 44 |             ui_manager: ui::new(Rc::new(ui::GraphicsWindow::new(screen_width, screen_height, window)),
[INFO] [stdout]    |                             ^^^ not found in `ui`
[INFO] [stdout] 
[INFO] [stdout] 
[INFO] [stdout] error[E0422]: cannot find struct, variant or union type `Resources` in crate `ui`
[INFO] [stdout]   --> src/main.rs:46:58
[INFO] [stdout]    |
[INFO] [stdout] 46 | ...                   Rc::new(RefCell::new(ui::Resources {
[INFO] [stdout]    |                                                ^^^^^^^^^ not found in `ui`
[INFO] [stdout] 
[INFO] [stdout] 
[INFO] [stdout] error: aborting due to 8 previous errors
[INFO] [stdout] 
[INFO] [stdout] 
[INFO] [stdout] Some errors have detailed explanations: E0412, E0422, E0425, E0432, E0433.
[INFO] [stdout] 
[INFO] [stdout] For more information about an error, try `rustc --explain E0412`.
[INFO] [stdout] 
[INFO] [stderr] error: could not compile `life-rs`.
[INFO] [stderr] 
[INFO] [stderr] To learn more, run the command again with --verbose.
[INFO] [stderr] warning: build failed, waiting for other jobs to finish...
[INFO] [stdout] error[E0432]: unresolved import `engine::loader`
[INFO] [stdout]   --> src/main.rs:21:13
[INFO] [stdout]    |
[INFO] [stdout] 21 | use engine::loader::from_file as load_from_file;
[INFO] [stdout]    |             ^^^^^^ could not find `loader` in `engine`
[INFO] [stdout] 
[INFO] [stdout] 
[INFO] [stdout] error[E0432]: unresolved import `engine::Coord`
[INFO] [stdout]   --> src/main.rs:22:5
[INFO] [stdout]    |
[INFO] [stdout] 22 | use engine::Coord;
[INFO] [stdout]    |     ^^^^^^^^^^^^^ no `Coord` in the root
[INFO] [stdout] 
[INFO] [stdout] 
[INFO] [stdout] error[E0433]: failed to resolve: could not find `GraphicsWindow` in `ui`
[INFO] [stdout]   --> src/main.rs:44:45
[INFO] [stdout]    |
[INFO] [stdout] 44 |             ui_manager: ui::new(Rc::new(ui::GraphicsWindow::new(screen_width, screen_height, window)),
[INFO] [stdout]    |                                             ^^^^^^^^^^^^^^ could not find `GraphicsWindow` in `ui`
[INFO] [stdout] 
[INFO] [stdout] 
[INFO] [stdout] error[E0433]: failed to resolve: could not find `Engine` in `engine`
[INFO] [stdout]   --> src/main.rs:45:62
[INFO] [stdout]    |
[INFO] [stdout] 45 | ...                   Rc::new(RefCell::new(engine::Engine::new(None, board_cols, board_rows))),
[INFO] [stdout]    |                                                    ^^^^^^ could not find `Engine` in `engine`
[INFO] [stdout] 
[INFO] [stdout] 
[INFO] [stdout] error[E0412]: cannot find type `UI` in crate `ui`
[INFO] [stdout]   --> src/main.rs:26:21
[INFO] [stdout]    |
[INFO] [stdout] 26 |     ui_manager: ui::UI<'a>,
[INFO] [stdout]    |                     ^^ not found in `ui`
[INFO] [stdout] 
[INFO] [stdout] 
[INFO] [stdout] error[E0425]: cannot find value `OPENGL` in crate `ui`
[INFO] [stdout]   --> src/main.rs:37:22
[INFO] [stdout]    |
[INFO] [stdout] 37 |         ).opengl(ui::OPENGL)
[INFO] [stdout]    |                      ^^^^^^ not found in `ui`
[INFO] [stdout] 
[INFO] [stdout] 
[INFO] [stdout] error[E0425]: cannot find function `new` in crate `ui`
[INFO] [stdout]   --> src/main.rs:44:29
[INFO] [stdout]    |
[INFO] [stdout] 44 |             ui_manager: ui::new(Rc::new(ui::GraphicsWindow::new(screen_width, screen_height, window)),
[INFO] [stdout]    |                             ^^^ not found in `ui`
[INFO] [stdout] 
[INFO] [stdout] 
[INFO] [stdout] error[E0422]: cannot find struct, variant or union type `Resources` in crate `ui`
[INFO] [stdout]   --> src/main.rs:46:58
[INFO] [stdout]    |
[INFO] [stdout] 46 | ...                   Rc::new(RefCell::new(ui::Resources {
[INFO] [stdout]    |                                                ^^^^^^^^^ not found in `ui`
[INFO] [stdout] 
[INFO] [stdout] 
[INFO] [stdout] error: aborting due to 8 previous errors
[INFO] [stdout] 
[INFO] [stdout] 
[INFO] [stdout] Some errors have detailed explanations: E0412, E0422, E0425, E0432, E0433.
[INFO] [stdout] 
[INFO] [stdout] For more information about an error, try `rustc --explain E0412`.
[INFO] [stdout] 
[INFO] [stderr] error: build failed
[INFO] running `Command { std: "docker" "inspect" "0fab5e9c14d829d409a300ba906b73f4cde6190292f46c6809f4e0f7fdd6a65b", kill_on_drop: false }`
[INFO] running `Command { std: "docker" "rm" "-f" "0fab5e9c14d829d409a300ba906b73f4cde6190292f46c6809f4e0f7fdd6a65b", kill_on_drop: false }`
[INFO] [stdout] 0fab5e9c14d829d409a300ba906b73f4cde6190292f46c6809f4e0f7fdd6a65b
